3 - 11906. Let z = m - t. Is z prime?
False
Suppose -67*z = -120*z + 10264139. Is z a prime number?
True
Let f(u) = 14114*u**3 + 8*u**2 + 16*u - 49. Is f(2) a prime number?
True
Let n be (-42829)/(-7) - (-9 + (-708)/(-84)). Suppose -5*d - v = -33470 + n, 5*d - 4*v = 27371. Is d a composite number?
False
Let f be 13/78 + (-226)/(-12) + -1. Suppose -3*r - 75 = -f*r. Suppose 0 = h - 2*b - 1003, b + 3546 = r*h - 1442. Is h a composite number?
False
Let g(i) = i + 12. Let u be g(-14). Let d(z) = 60*z**3 - 6*z**2 - 5*z - 4. Let c be d(u). Let r = 1859 + c. Is r prime?
True
Suppose -4*m = -3*r - 3*m, -m = r - 4. Suppose 2*z - 5*c = 41, 8*c + r = -3*z + 3*c. Suppose 4*s - 2*p = 3932, 0 = -2*p - 0*p + z. Is s a prime number?
False
Let a(y) = 233*y + 48. Let d be a(8). Suppose 34*k - 42*k = -d. Is k a composite number?
False
Suppose -116*r + 1762993 + 4419856 - 430757 = 0. Is r composite?
True
Suppose -6*g + 11*g - 17 = -2*z, 5*g - z = 29. Suppose -t - 110 = -g*n + 5, -3*t = -2*n + 46. Suppose 25*h = n*h + 4358. Is h a prime number?
True
Let s(w) = 39375*w**2 + 19*w + 5. Is s(-1) prime?
False
Let i(b) = -2*b**3 - b**2 - 2*b - 1370. Let z(f) = -3*f**3 - 2*f**2 - 3*f - 2741. Let l(j) = 5*i(j) - 3*z(j). Is l(0) a prime number?
True
Suppose 11*z - 7076 = -1103. Is z - 5/((-5)/(-2)) composite?
False
Suppose 0 = 3*f + 4*a - 1317933, 115*a + 6 = 117*a. Is f composite?
True
Suppose 230 + 10 = 15*y. Let t(h) = -2*h**2 - 16*h - 35. Let u(c) = 4*c**2 + 33*c + 71. Let l(d) = -13*t(d) - 6*u(d). Is l(y) a prime number?
True
Let q(y) = -y**3 - 13*y - 16. Let s be q(-9). Let c = 1349 + s. Is c a composite number?
False
Let u = -9 - -12. Suppose 3*d - 6 = -2*h - 2, u*h - 6 = -3*d. Suppose -5*r - 5*q + 3330 = d, 2*q + 3118 = 3*r + 1105. Is r a prime number?
False
Let b(x) = 1 - 4*x - 13 + 5*x + 0*x. Let m be b(12). Suppose m = 5*l + w - 182 - 124, l = -4*w + 46. Is l composite?
True
Let g(m) = -3057*m + 449. Is g(-24) prime?
False
Let j(z) = -38*z**3 - 90*z**2 - 20*z - 87. Is j(-11) composite?
False
Suppose 11*q - 13*q = -115492. Suppose -19*h = -2351 - q. Is h composite?
False
Let k = 315287 - -262796. Is k a composite number?
True
Suppose 4*x = -3*f + 5*f - 170118, -5*f + 425265 = -4*x. Is f a prime number?
True
Suppose 2*y + 3 = 4*x - 3, 3*x - 8 = 5*y. Let o be (-12)/(-8)*(-2)/y. Suppose 3*v + 1521 = 5*a, -3*a + o*v + 221 + 694 = 0. Is a prime?
False
Suppose 77*i - 1793145 - 437879 = -361387. Is i a composite number?
False
Suppose 10*d - 8*d - c = 50312, 5*d + 2*c = 125753. Is d prime?
True
Let b be (150/20)/((-3)/4). Is (-8388)/(-20) + -5 + (-46)/b prime?
True
Suppose -4*b - 925483 - 4555 = -2*k, 0 = -b + 2. Is k prime?
False
Let c(v) = 208*v**2 + 2*v + 4. Let x(a) = -207*a**2 - 2*a - 5. Let l(w) = 6*c(w) + 5*x(w). Let o be l(1). Suppose -36 = 2*f - o. Is f prime?
True
Let i be ((-9)/3)/((70/(-973))/(-10)). Let x be 10476/14 + (-4)/14. Let f = x + i. Is f a prime number?
True
Suppose -d = -5*b + 1525 - 3887, d = -2*b - 942. Let c be (-876)/(-8)*(1 - 11). Let r = b - c. Is r composite?
True
Suppose -4*b - 4*q = -7636, 2*b + 3*q = -0*q + 3814. Is b a composite number?
False
Suppose 5*f - 88836 = 221994 - 16675. Is f a composite number?
False
Let j = 363 + -359. Let d be 2/1*(-7)/2. Is (-11)/((14/j)/d) a prime number?
False
Let t(x) = x**2 - 7*x + 1. Let d be t(7). Let y(k) = 1. Let v(m) = -1747*m - 9. Let o(z) = -v(z) - 3*y(z). Is o(d) a prime number?
True
Let b = -102 + 64. Let u = b - -46. Is (-2)/u + (-385)/(-20) a composite number?
False
Let a(i) = -3*i**3 - 3*i**2 - 2*i. Let w be a(-1). Suppose -4*n + w + 18 = 0. Suppose -n*g + 2*q + 405 = 0, 3*q + 161 + 170 = 4*g. Is g prime?
True
Suppose 3*p = -4*m + 1741522 + 354385, -4*p + 5*m = -2794584. Is p prime?
True
Let f(t) = -59*t**3 - t**2 + t + 5. Let m be f(-2). Suppose n = -2*n + 4*o + m, -n + 3*o + 157 = 0. Is n a prime number?
True
Suppose 0 = -145*p + 3976222 - 764907. Is p composite?
False
Is (-32408 - -1)/(3/(-30)) + (-27)/9 composite?
False
Let d(a) = 74*a**3 - 2*a**2 + 3. Suppose 0 = 5*q - 10*q - 5*h + 350, 3*q - 202 = -5*h. Let t = -72 + q. Is d(t) a prime number?
True
Let c = 105 + -101. Suppose c*m - 88782 = -2*m. Is m composite?
False
Let a(v) = 66*v - 815. Is a(62) composite?
True
Let k be 10/55 + 109952/22. Let w = -1851 + k. Is w a composite number?
True
Let p be (-2)/13 + 1107/351. Suppose -p*x = 4*x - 2779. Is x a prime number?
True
Is (20991 - -1)*2/20 - 257/1285 prime?
True
Is 11246/(-11 + 9)*-1*(-33)/(-3) a prime number?
False
Let v be 1/((-10)/15 + 14/12). Suppose r + 3557 = v*r. Is r prime?
True
Suppose -5*k + 9*k = 2*n - 677608, -1355231 = -4*n + 3*k. Suppose 15*m + 14345 = n. Is m composite?
True
Suppose -6*z + 91963 + 192167 = 0. Let a = z + -32672. Is a a prime number?
True
Suppose 2*u + 3*c = 7*u + 10, -u + 10 = -3*c. Let i(o) = -50*o - 27. Let l(t) = -25*t - 13. Let s(g) = -3*i(g) + 7*l(g). Is s(u) a composite number?
True
Is -3 + (-42)/7 - (3 + -15701) composite?
True
Suppose 2*n + 5 = n, 5*t + n - 7820 = 0. Suppose 4*l - w = 13, 4*l + 15*w - 11 = 14*w. Suppose l*x - 40 = t. Is x a prime number?
False
Suppose 32030 - 334008 = -13*d + 637935. Is d a prime number?
False
Suppose 14450 + 20648 = 2*q - 5*y, 0 = 5*q - 4*y - 87813. Is q composite?
False
Let x(y) = 278945*y**2 - 56*y - 54. Is x(-1) a composite number?
False
Let r(p) = 49*p**2 - 3*p - 29. Let g(f) = 74*f**2 - 5*f - 43. Let s(a) = a + 8. Let v be s(0). Let o(u) = v*r(u) - 5*g(u). Is o(8) composite?
False
Suppose -9*b + 144416 = -55807. Is b a composite number?
False
Suppose 2*o - 20670 = -4*p, 448 = -o + 4*p + 10759. Is o composite?
True
Let z = 55 - 53. Suppose 2*u + 2*g + z*g = 14, 4*u = -3*g + 23. Suppose u*o + i = -1555 + 5491, 3937 = 5*o + 2*i. Is o a composite number?
False
Let i(a) = a**3 - 26*a**2 - 27*a + 10. Let t be i(27). Suppose -2*l + 13*f = 10*f - 2440, t = -5*f. Is l a prime number?
True
Let x(j) = 39*j**3 + 10*j**2 - 32*j + 499. Is x(12) composite?
False
Suppose -3*x + 4*w + 5163 = -3210, 4*x = 2*w + 11154. Is x a composite number?
True
Let h = 474 - 456. Is 3644 - h/12*-2 a prime number?
False
Let k = -85479 + 148565. Is k composite?
True
Suppose -4*k - 246257 = -5*l, -252*l + 251*l + 4*k + 49245 = 0. Is l a prime number?
True
Let g = 27 + -6. Suppose -g*i + 64748 + 7219 = 0. Is i composite?
True
Suppose 25*h + 21 = 28*h. Suppose -2*v + 6 = 2*f, -v = 4*f + 4*v - h. Suppose 5*d = f*d - 7071. Is d composite?
False
Let a(g) = 351*g**2 + 35*g - 19. Is a(-20) prime?
True
Is 18745 + ((-32)/10 - (-65)/325) a prime number?
False
Let h = 65998 + -18105. Is h a composite number?
True
Suppose -3*b = 2 - 8. Suppose -9*h = -6*h + 2*u + 27, 0 = -4*h - 4*u - 36. Is (-6)/h + b*4861/6 a composite number?
False
Is (2 - 67)*1270/(-50) a composite number?
True
Let a be 184/6 + 4 - (-2)/(-3). Let o(d) = d**3 - 35*d**2 + 101*d - 75. Is o(a) composite?
False
Suppose -24*m + 116*m - 2339284 = 0. Is m prime?
False
Let x(a) = a**3 + 26*a**2 + 37*a + 103. Suppose 65 = -3*s - 4*v, -5*v + 26 = -4*s - 71. Is x(s) prime?
True
Suppose -r = -b - 884, r = b - 2*b - 894. Let u = b + 1508. Is u a prime number?
True
Suppose 54 = 5*f + f. Let d(z) = z**2 - 5*z. Let v be d(f). Suppose 265 = 3*k + 5*a, -4*a - v = 2*k - 210. Is k prime?
False
Let a(i) = 1938*i**2 - 8*i + 8. Let d(w) = -1939*w**2 + 7*w - 7. Let y(t) = -4*a(t) - 5*d(t). Is y(-2) composite?
True
Suppose q = 4*q - 6. Suppose q*l - 30 = -l. Suppose 679 = -3*y + l*y. Is y prime?
True
Let j(u) = 2*u**2 - 2*u + 14. Let n be j(-6). Let w = n - 108. Is w/4*20562/(-115) prime?
False
Let h(v) = 28*v**2 + 2*v + 7. Let b(a) = -a**3 + 4*a**2 - a + 1. Suppose 7*k = -2*k + 36. Let y be b(k). Is h(y) a prime number?
False
Let k = 415685 + -90504. Is k a composite number?
False
Let m(b) be the third derivative of -1/6*b**3 + 0 + 0*b - 3*b**2 + 1/24*b**4 + 757/60*b**5. Is m(1) prime?
True
Suppose -10859 = -12*t + 78721. Is -5*(-12)/(-30) + t composite?
True
Let k(q) = 30420*q - 1393. Is k(5) composite?
False
Suppose 4*o = -0*o + 3908. Let q = o + -60. Is q a composite number?
True
Let d(p) = 31649*p**2 - 19*p - 51. Is d(-2) composite?
False
Is (-2)/3 + (24 - 59777/(-3)) a composite number?
False
Suppose -i = 2*i - 51. Let g(b) be the third derivative of b**6/120 - 4*b**5/15 - b**4/2 + 13*b**3/3 - 2*b*